{"id":580,"date":"2022-09-12T17:53:37","date_gmt":"2022-09-12T17:53:37","guid":{"rendered":"https:\/\/fsgurzelen.ch\/?page_id=580"},"modified":"2024-01-07T14:32:51","modified_gmt":"2024-01-07T14:32:51","slug":"downloads","status":"publish","type":"page","link":"https:\/\/fsgurzelen.ch\/?page_id=580","title":{"rendered":"Feldmeisterschaft"},"content":{"rendered":"<h1><strong>Feldmeisterschaftsauszeichnung<\/strong><\/h1>\n<p style=\"text-align: left;\">Die Feldmeisterschaftsmedaillen 1 bis 3 werden vom Schweizer Schiesssportverband (SSV) abgegeben. Um eine von diesen drei Medaillen zu erhalten, sind 8 Auszeichnungskarten vom obligatorischen Programm sowie 8 Auszeichnungskarten vom Feldschiessen erforderlich.&nbsp;<\/p>\n\n\n<div class=\"wp-block-columns is-layout-flex wp-container-core-columns-is-layout-9d6595d7 wp-block-columns-is-layout-flex\">\n<div class=\"wp-block-column is-layout-flow wp-block-column-is-layout-flow\" style=\"flex-basis:66.66%\">\n<p><\/p>\n\n\n\n<p>Das Formular kann hier heruntergeladen werden: <\/p>\n<\/div>\n\n\n\n<div class=\"wp-block-column is-layout-flow wp-block-column-is-layout-flow\" style=\"flex-basis:33.33%\">\n<div class=\"wp-block-buttons is-content-justification-space-between is-layout-flex wp-container-core-buttons-is-layout-b9b75ed2 wp-block-buttons-is-layout-flex\">\n<div class=\"wp-block-button is-style-outline is-style-outline--1\"><a class=\"wp-block-button__link has-background wp-element-button\" href=\"https:\/\/fsgurzelen.ch\/wp-content\/uploads\/2022\/09\/2_23_02_dfi_Bestellform_Feldmeisterschaftsmedaille_Gewehr_und_Pistole_SSV_BSSV.pdf\" style=\"background-color:#c70808\" target=\"_blank\" rel=\"noreferrer noopener\">Download<\/a><\/div>\n<\/div>\n<\/div>\n<\/div>\n\n\n\n<hr class=\"wp-block-separator has-alpha-channel-opacity\"\/>\n\n\n<p>Die 4te Feldmeisterschaftsmedaille gibt der BSSV ab. Um diese zu erhalten, m\u00fcssen zuerst alle 3 vorangegangenen Feldmeisterschaftsmedaillen im Besitz sein. F\u00fcr diese Auszeichnung werden vom obligatorischen Programm sowie vom Feldschiessen jeweils 10 Anerkennungskarten ben\u00f6tigt.\u00a0<\/p>\n\n\n<div class=\"wp-block-columns is-layout-flex wp-container-core-columns-is-layout-9d6595d7 wp-block-columns-is-layout-flex\">\n<div class=\"wp-block-column is-layout-flow wp-block-column-is-layout-flow\" style=\"flex-basis:66.66%\">\n<p><\/p>\n\n\n\n<p>Das zweite Formular kann hier heruntergeladen werden: <\/p>\n<\/div>\n\n\n\n<div class=\"wp-block-column is-layout-flow wp-block-column-is-layout-flow\" style=\"flex-basis:33.33%\">\n<div class=\"wp-block-buttons is-content-justification-space-between is-layout-flex wp-container-core-buttons-is-layout-b9b75ed2 wp-block-buttons-is-layout-flex\">\n<div class=\"wp-block-button is-style-outline is-style-outline--2\"><a class=\"wp-block-button__link has-background wp-element-button\" href=\"https:\/\/fsgurzelen.ch\/wp-content\/uploads\/2022\/09\/Antrag_zum_Bezug_der_Kantonalen_Feldmeisterschaftsauszeichnung_geschuetzt_2017_11_5.pdf\" style=\"background-color:#c70808\" target=\"_blank\" rel=\"noreferrer noopener\">Download<\/a><\/div>\n<\/div>\n<\/div>\n<\/div>\n\n\n\n<hr class=\"wp-block-separator has-alpha-channel-opacity\"\/>\n\n\n\n<p><strong><mark style=\"background-color:rgba(0, 0, 0, 0)\" class=\"has-inline-color has-vivid-red-color\">Wichtig! <\/mark><\/strong>Bitte f\u00fclle das Formular vorg\u00e4ngig (<strong><mark style=\"background-color:rgba(0, 0, 0, 0)\" class=\"has-inline-color has-vivid-red-color\">vollst\u00e4ndig, korrekt und unterschrieben<\/mark><\/strong>) aus und sende es per Post, mit den erforderlichen Auszeichnungskarten, an den <strong><a href=\"https:\/\/fsgurzelen.ch\/?page_id=76\" data-type=\"page\" data-id=\"76\">Schiesssekret\u00e4r<\/a><\/strong> der Feldsch\u00fctzen Gurzelen.<\/p>\n\n\n\n<p>Die Einsende-Frist ist am 1. September.<\/p>\n\n\n\n<p>Sendet es deshalb bitte fr\u00fch genug an unseren Schiesssekret\u00e4r. Danke.<\/p>\n\n\n\n<hr class=\"wp-block-separator has-alpha-channel-opacity\"\/>\n\n\n\n<figure class=\"wp-block-gallery has-nested-images columns-default is-cropped wp-block-gallery-3 is-layout-flex wp-block-gallery-is-layout-flex\">\n<figure class=\"wp-block-image size-large\"><img loading=\"lazy\" decoding=\"async\" width=\"1236\" height=\"1256\" data-id=\"599\" src=\"https:\/\/fsgurzelen.ch\/wp-content\/uploads\/2022\/09\/nadel.jpg\" alt=\"\" class=\"wp-image-599\" srcset=\"https:\/\/fsgurzelen.ch\/wp-content\/uploads\/2022\/09\/nadel.jpg 1236w, https:\/\/fsgurzelen.ch\/wp-content\/uploads\/2022\/09\/nadel-295x300.jpg 295w, https:\/\/fsgurzelen.ch\/wp-content\/uploads\/2022\/09\/nadel-1063x1080.jpg 1063w, https:\/\/fsgurzelen.ch\/wp-content\/uploads\/2022\/09\/nadel-768x780.jpg 768w\" sizes=\"auto, (max-width: 767px) 89vw, (max-width: 1000px) 54vw, (max-width: 1071px) 543px, 580px\" \/><figcaption class=\"wp-element-caption\">3. Anstecknadel<\/figcaption><\/figure>\n\n\n\n<figure class=\"wp-block-image size-large\"><img loading=\"lazy\" decoding=\"async\" width=\"608\" height=\"600\" data-id=\"595\" src=\"https:\/\/fsgurzelen.ch\/wp-content\/uploads\/2022\/09\/4te_Feldmeisterschaftsmedaille_BSSV_Knopfloch_farbig_a4b9ca2615528c882afc7d04e9c8f322.jpg\" alt=\"\" class=\"wp-image-595\" srcset=\"https:\/\/fsgurzelen.ch\/wp-content\/uploads\/2022\/09\/4te_Feldmeisterschaftsmedaille_BSSV_Knopfloch_farbig_a4b9ca2615528c882afc7d04e9c8f322.jpg 608w, https:\/\/fsgurzelen.ch\/wp-content\/uploads\/2022\/09\/4te_Feldmeisterschaftsmedaille_BSSV_Knopfloch_farbig_a4b9ca2615528c882afc7d04e9c8f322-300x296.jpg 300w, https:\/\/fsgurzelen.ch\/wp-content\/uploads\/2022\/09\/4te_Feldmeisterschaftsmedaille_BSSV_Knopfloch_farbig_a4b9ca2615528c882afc7d04e9c8f322-100x100.jpg 100w\" sizes=\"auto, (max-width: 608px) 100vw, 608px\" \/><figcaption class=\"wp-element-caption\">Knopflochabzeichen<\/figcaption><\/figure>\n\n\n\n<figure class=\"wp-block-image size-large\"><img loading=\"lazy\" decoding=\"async\" width=\"406\" height=\"600\" data-id=\"594\" src=\"https:\/\/fsgurzelen.ch\/wp-content\/uploads\/2022\/09\/4te_Feldmeisterschaftsmedaille_BSSV_Anhaenger_cb10c0a626c76d71a4e5a4fa2da5f74c.jpg\" alt=\"\" class=\"wp-image-594\" srcset=\"https:\/\/fsgurzelen.ch\/wp-content\/uploads\/2022\/09\/4te_Feldmeisterschaftsmedaille_BSSV_Anhaenger_cb10c0a626c76d71a4e5a4fa2da5f74c.jpg 406w, https:\/\/fsgurzelen.ch\/wp-content\/uploads\/2022\/09\/4te_Feldmeisterschaftsmedaille_BSSV_Anhaenger_cb10c0a626c76d71a4e5a4fa2da5f74c-203x300.jpg 203w\" sizes=\"auto, (max-width: 406px) 100vw, 406px\" \/><figcaption class=\"wp-element-caption\">Anh\u00e4nger<\/figcaption><\/figure>\n\n\n\n<figure class=\"wp-block-image size-large\"><img loading=\"lazy\" decoding=\"async\" width=\"2248\" height=\"1718\" data-id=\"596\" src=\"https:\/\/fsgurzelen.ch\/wp-content\/uploads\/2022\/09\/Auszeichnungen.jpg\" alt=\"\" class=\"wp-image-596\" srcset=\"https:\/\/fsgurzelen.ch\/wp-content\/uploads\/2022\/09\/Auszeichnungen.jpg 2248w, https:\/\/fsgurzelen.ch\/wp-content\/uploads\/2022\/09\/Auszeichnungen-300x229.jpg 300w, https:\/\/fsgurzelen.ch\/wp-content\/uploads\/2022\/09\/Auszeichnungen-1413x1080.jpg 1413w, https:\/\/fsgurzelen.ch\/wp-content\/uploads\/2022\/09\/Auszeichnungen-768x587.jpg 768w, https:\/\/fsgurzelen.ch\/wp-content\/uploads\/2022\/09\/Auszeichnungen-1536x1174.jpg 1536w, https:\/\/fsgurzelen.ch\/wp-content\/uploads\/2022\/09\/Auszeichnungen-2048x1565.jpg 2048w\" sizes=\"auto, (max-width: 767px) 89vw, (max-width: 1000px) 54vw, (max-width: 1071px) 543px, 580px\" \/><figcaption class=\"wp-element-caption\">1. bis 3. Feldmeisterschaftsmedaille<\/figcaption><\/figure>\n<\/figure>\n\n\n\n<div style=\"height:100px\" aria-hidden=\"true\" class=\"wp-block-spacer\"><\/div>\n\n\n\n<hr class=\"wp-block-separator has-alpha-channel-opacity is-style-wide\"\/>\n","protected":false},"excerpt":{"rendered":"<p>Feldmeisterschaftsauszeichnung Die Feldmeisterschaftsmedaillen 1 bis 3 werden vom Schweizer Schiesssportverband (SSV) abgegeben. Um eine von diesen drei Medaillen zu erhalten, sind 8 Auszeichnungskarten vom obligatorischen Programm sowie 8 Auszeichnungskarten vom Feldschiessen erforderlich.&nbsp; Das Formular kann hier heruntergeladen werden: Die 4te Feldmeisterschaftsmedaille gibt der BSSV ab. Um diese zu erhalten, m\u00fcssen zuerst alle 3 vorangegangenen Feldmeisterschaftsmedaillen &hellip; <\/p>\n<p class=\"link-more\"><a href=\"https:\/\/fsgurzelen.ch\/?page_id=580\" class=\"more-link\"><span class=\"screen-reader-text\">\u201eFeldmeisterschaft\u201c<\/span> weiterlesen<\/a><\/p>\n","protected":false},"author":1,"featured_media":0,"parent":0,"menu_order":0,"comment_status":"closed","ping_status":"closed","template":"","meta":{"footnotes":""},"class_list":["post-580","page","type-page","status-publish","hentry"],"_links":{"self":[{"href":"https:\/\/fsgurzelen.ch\/index.php?rest_route=\/wp\/v2\/pages\/580","targetHints":{"allow":["GET"]}}],"collection":[{"href":"https:\/\/fsgurzelen.ch\/index.php?rest_route=\/wp\/v2\/pages"}],"about":[{"href":"https:\/\/fsgurzelen.ch\/index.php?rest_route=\/wp\/v2\/types\/page"}],"author":[{"embeddable":true,"href":"https:\/\/fsgurzelen.ch\/index.php?rest_route=\/wp\/v2\/users\/1"}],"replies":[{"embeddable":true,"href":"https:\/\/fsgurzelen.ch\/index.php?rest_route=%2Fwp%2Fv2%2Fcomments&post=580"}],"version-history":[{"count":19,"href":"https:\/\/fsgurzelen.ch\/index.php?rest_route=\/wp\/v2\/pages\/580\/revisions"}],"predecessor-version":[{"id":1060,"href":"https:\/\/fsgurzelen.ch\/index.php?rest_route=\/wp\/v2\/pages\/580\/revisions\/1060"}],"wp:attachment":[{"href":"https:\/\/fsgurzelen.ch\/index.php?rest_route=%2Fwp%2Fv2%2Fmedia&parent=580"}],"curies":[{"name":"wp","href":"https:\/\/api.w.org\/{rel}","templated":true}]}}