{"id":905,"date":"2023-09-03T10:38:16","date_gmt":"2023-09-03T10:38:16","guid":{"rendered":"https:\/\/fsgurzelen.ch\/?page_id=905"},"modified":"2026-01-17T13:25:30","modified_gmt":"2026-01-17T13:25:30","slug":"blattenheidschiessen","status":"publish","type":"page","link":"https:\/\/fsgurzelen.ch\/?page_id=905","title":{"rendered":"Blattenheidschiessen"},"content":{"rendered":"\n<p class=\"has-text-align-left\">Das Blattenheidschiessen ist ein traditionelles Schiessen, welches noch wie vor <strong><em>xy<\/em><\/strong> Jahren im selben Stil durchgef\u00fchrt wird. Es findet jedes Jahr auf dem Schiessplatz der Sch\u00fctzengesellschaft Blumenstein statt. Ein herk\u00f6mmliches L\u00e4ger gibt es nicht. Die Sch\u00fctzinnen und Sch\u00fctzen liegen einfach auf Jutes\u00e4cken, welche auf den Boden nebeneinander ins Feld gelegt werden. Das Schiessen findet bei jeder Witterung statt.<\/p>\n\n\n\n<figure class=\"wp-block-gallery has-nested-images columns-default is-cropped wp-block-gallery-1 is-layout-flex wp-block-gallery-is-layout-flex\">\n<figure class=\"wp-block-image size-large\"><img loading=\"lazy\" decoding=\"async\" width=\"1920\" height=\"855\" data-id=\"917\" src=\"https:\/\/fsgurzelen.ch\/wp-content\/uploads\/2023\/09\/IMG-2982-1920x855.jpg\" alt=\"\" class=\"wp-image-917\" srcset=\"https:\/\/fsgurzelen.ch\/wp-content\/uploads\/2023\/09\/IMG-2982-1920x855.jpg 1920w, https:\/\/fsgurzelen.ch\/wp-content\/uploads\/2023\/09\/IMG-2982-300x134.jpg 300w, https:\/\/fsgurzelen.ch\/wp-content\/uploads\/2023\/09\/IMG-2982-768x342.jpg 768w, https:\/\/fsgurzelen.ch\/wp-content\/uploads\/2023\/09\/IMG-2982-1536x684.jpg 1536w, https:\/\/fsgurzelen.ch\/wp-content\/uploads\/2023\/09\/IMG-2982-2048x912.jpg 2048w\" sizes=\"auto, (max-width: 767px) 89vw, (max-width: 1000px) 54vw, (max-width: 1071px) 543px, 580px\" \/><figcaption class=\"wp-element-caption\">Blick auf das leere L\u00e4ger<\/figcaption><\/figure>\n\n\n\n<figure class=\"wp-block-image size-large\"><img loading=\"lazy\" decoding=\"async\" width=\"1920\" height=\"1080\" data-id=\"916\" src=\"https:\/\/fsgurzelen.ch\/wp-content\/uploads\/2023\/09\/IMG-2965-edited-1920x1080.jpg\" alt=\"\" class=\"wp-image-916\" srcset=\"https:\/\/fsgurzelen.ch\/wp-content\/uploads\/2023\/09\/IMG-2965-edited-1920x1080.jpg 1920w, https:\/\/fsgurzelen.ch\/wp-content\/uploads\/2023\/09\/IMG-2965-edited-300x169.jpg 300w, https:\/\/fsgurzelen.ch\/wp-content\/uploads\/2023\/09\/IMG-2965-edited-768x432.jpg 768w, https:\/\/fsgurzelen.ch\/wp-content\/uploads\/2023\/09\/IMG-2965-edited-1536x864.jpg 1536w, https:\/\/fsgurzelen.ch\/wp-content\/uploads\/2023\/09\/IMG-2965-edited-2048x1152.jpg 2048w\" sizes=\"auto, (max-width: 767px) 89vw, (max-width: 1000px) 54vw, (max-width: 1071px) 543px, 580px\" \/><figcaption class=\"wp-element-caption\">Sch\u00fctzen liegen auf den Jutes\u00e4cken<\/figcaption><\/figure>\n<\/figure>\n\n\n\n<p>Da das L\u00e4ger sehr ad hoc m\u00e4ssig erstellt ist, gibt es auch keine digitalen Trefferanzeigen. Auch dies ist am Blattenheidschiessen nach wie vor sehr traditionell und wird immer noch von Hand und mit Kellen gemacht. Nach jeder Serie werden die Sportger\u00e4te hingelegt und es ert\u00f6nt ein Horn, welches den Zeigern erlaubt aus dem Bunker hervor zu kommen und die Treffer nacheinander und Scheibe f\u00fcr Scheibe anzuzeigen.<\/p>\n\n\n\n<hr class=\"wp-block-separator has-alpha-channel-opacity\"\/>\n\n\n\n<p>Am Blattenheidschiessen kann man sich wie an vielen anderen Schiessen als Gruppe anmelden oder einfach als Einzelperson antreten. Als Gruppe jedoch verpflichtet man sich f\u00fcr einen 5 Jahres Turnus.<\/p>\n\n\n\n<p>Auch das Datum kann sich einfach gemerkt werden. Es findet jeweils am ersten Sonntag im September statt.&nbsp;<\/p>\n\n\n\n<hr class=\"wp-block-separator has-alpha-channel-opacity\"\/>\n\n\n\n<div class=\"wp-block-media-text has-media-on-the-right is-stacked-on-mobile\" style=\"grid-template-columns:auto 30%\"><div class=\"wp-block-media-text__content\">\n<p>Das Schiessprogramm sieht folgendermassen aus. Es wird nur auf die Scheibe B4 geschossen. <br>Total 15 Schuss. <br>&#8211; 2x EF je 1 Min.<br>&#8211; 3 Schuss in 1 Minute<br>&#8211; 5 Schuss in 90 Sekunden<br>&#8211; 5 Schuss in 1 Minute<br>Die Ehrenmeldung erh\u00e4lt jeder der folgendes Kriterium erf\u00fcllt. <strong><em>xyz<\/em><\/strong><\/p>\n<\/div><figure class=\"wp-block-media-text__media\"><img loading=\"lazy\" decoding=\"async\" width=\"810\" height=\"1080\" src=\"https:\/\/fsgurzelen.ch\/wp-content\/uploads\/2023\/09\/IMG-2987-810x1080.jpg\" alt=\"\" class=\"wp-image-921 size-full\" srcset=\"https:\/\/fsgurzelen.ch\/wp-content\/uploads\/2023\/09\/IMG-2987-810x1080.jpg 810w, https:\/\/fsgurzelen.ch\/wp-content\/uploads\/2023\/09\/IMG-2987-225x300.jpg 225w, https:\/\/fsgurzelen.ch\/wp-content\/uploads\/2023\/09\/IMG-2987-768x1024.jpg 768w, https:\/\/fsgurzelen.ch\/wp-content\/uploads\/2023\/09\/IMG-2987-1152x1536.jpg 1152w, https:\/\/fsgurzelen.ch\/wp-content\/uploads\/2023\/09\/IMG-2987-1536x2048.jpg 1536w, https:\/\/fsgurzelen.ch\/wp-content\/uploads\/2023\/09\/IMG-2987-scaled.jpg 1920w\" sizes=\"auto, (max-width: 767px) 89vw, (max-width: 1000px) 54vw, (max-width: 1071px) 543px, 580px\" \/><\/figure><\/div>\n\n\n\n<hr class=\"wp-block-separator has-alpha-channel-opacity\"\/>\n\n\n\n<p>Die Feldsch\u00fctzengesellschaft Gurzelen tritt schon seit vielen Jahren immer mit drei Gruppen an. Diese sind die Gruppen <br>&#8211; <strong>Sharks<\/strong>, unter der Leitung von Zingg Beat.<br>&#8211; <strong>Bennewil<\/strong>, mit Gruppenchef Haldemann Paul.<br>&#8211; <strong>Holzw\u00fcrm<\/strong>, welche von Aegerter Toni angef\u00fchrt wird.<\/p>\n\n\n\n<p>Die Resultate des aktuellen Turnus k\u00f6nnt ihr hier sehen:<\/p>\n\n\n\n<div data-wp-interactive=\"core\/file\" class=\"wp-block-file\"><object data-wp-bind--hidden=\"!state.hasPdfPreview\" hidden class=\"wp-block-file__embed\" data=\"https:\/\/fsgurzelen.ch\/wp-content\/uploads\/2024\/11\/Resultate_2024_Blattenheid.pdf\" type=\"application\/pdf\" style=\"width:100%;height:600px\" aria-label=\"Einbettung von Resultate_2024_Blattenheid.\"><\/object><a id=\"wp-block-file--media-578e4ae6-de74-4a42-810b-988a520801aa\" href=\"https:\/\/fsgurzelen.ch\/wp-content\/uploads\/2024\/11\/Resultate_2024_Blattenheid.pdf\">Resultate_2024_Blattenheid<\/a><a href=\"https:\/\/fsgurzelen.ch\/wp-content\/uploads\/2024\/11\/Resultate_2024_Blattenheid.pdf\" class=\"wp-block-file__button wp-element-button\" download aria-describedby=\"wp-block-file--media-578e4ae6-de74-4a42-810b-988a520801aa\">Herunterladen<\/a><\/div>\n","protected":false},"excerpt":{"rendered":"<p>Das Blattenheidschiessen ist ein traditionelles Schiessen, welches noch wie vor xy Jahren im selben Stil durchgef\u00fchrt wird. Es findet jedes Jahr auf dem Schiessplatz der Sch\u00fctzengesellschaft Blumenstein statt. Ein herk\u00f6mmliches L\u00e4ger gibt es nicht. Die Sch\u00fctzinnen und Sch\u00fctzen liegen einfach auf Jutes\u00e4cken, welche auf den Boden nebeneinander ins Feld gelegt werden. Das Schiessen findet bei &hellip; <\/p>\n<p class=\"link-more\"><a href=\"https:\/\/fsgurzelen.ch\/?page_id=905\" class=\"more-link\"><span class=\"screen-reader-text\">\u201eBlattenheidschiessen\u201c<\/span> weiterlesen<\/a><\/p>\n","protected":false},"author":1,"featured_media":0,"parent":0,"menu_order":0,"comment_status":"closed","ping_status":"closed","template":"","meta":{"footnotes":""},"class_list":["post-905","page","type-page","status-publish","hentry"],"_links":{"self":[{"href":"https:\/\/fsgurzelen.ch\/index.php?rest_route=\/wp\/v2\/pages\/905","targetHints":{"allow":["GET"]}}],"collection":[{"href":"https:\/\/fsgurzelen.ch\/index.php?rest_route=\/wp\/v2\/pages"}],"about":[{"href":"https:\/\/fsgurzelen.ch\/index.php?rest_route=\/wp\/v2\/types\/page"}],"author":[{"embeddable":true,"href":"https:\/\/fsgurzelen.ch\/index.php?rest_route=\/wp\/v2\/users\/1"}],"replies":[{"embeddable":true,"href":"https:\/\/fsgurzelen.ch\/index.php?rest_route=%2Fwp%2Fv2%2Fcomments&post=905"}],"version-history":[{"count":21,"href":"https:\/\/fsgurzelen.ch\/index.php?rest_route=\/wp\/v2\/pages\/905\/revisions"}],"predecessor-version":[{"id":1710,"href":"https:\/\/fsgurzelen.ch\/index.php?rest_route=\/wp\/v2\/pages\/905\/revisions\/1710"}],"wp:attachment":[{"href":"https:\/\/fsgurzelen.ch\/index.php?rest_route=%2Fwp%2Fv2%2Fmedia&parent=905"}],"curies":[{"name":"wp","href":"https:\/\/api.w.org\/{rel}","templated":true}]}}